 i?
3
Let g(m) = 2*m**2 + 2. Let w be g(2). Let b = w + -1. What is the units digit of (-18)/3*(-12)/b?
8
Let q = -8 + 8. Suppose -3*d = -q*d. What is the units digit of -1 - d - (-12 + -1)?
2
Let v(d) = -d**3 - 6*d**2 - 5*d + 5. Suppose 11*n + 20 = 7*n. What is the units digit of v(n)?
5
Let t(a) = a - 3*a + 4*a. What is the units digit of t(2)?
4
Let j(u) = u**3 - 11*u**2 + 9*u + 13. Let l(k) = 9*k**2 + k + 2. Let y be l(-1). What is the units digit of j(y)?
3
Let i = -17 - -65. What is the units digit of i?
8
Suppose -3*m + 4*j = -6*m - 157, -149 = 3*m - 4*j. Let v = -19 - m. What is the units digit of v?
2
Suppose -30*f = -29*f - 266. What is the hundreds digit of f?
2
Let r = -8 - -31. What is the units digit of r?
3
Let j(b) be the first derivative of -b**4/24 - b**3/6 - b**2/2 - 2. Let h(n) be the second derivative of j(n). What is the units digit of h(-3)?
2
Let l be 4 + -3 - (0 + -1). Suppose -3*v - 4*p = -43, l*v = 6*v - 5*p - 16. What is the units digit of v?
9
Let d(l) = -l**3 - 2*l**2 + 4*l + 3. Let m be d(-3). Suppose u - 36 = -2*b, 2*u - 21 = -b - m*u. What is the tens digit of b?
1
Let u(n) = n**2 - n + 2. What is the units digit of u(-7)?
8
Suppose -3 - 5 = -2*d. Suppose -d*n + 2*n + 13 = m, m + 5*n - 22 = 0. Suppose b - 6 = z + 15, 0 = 2*b + 5*z - m. What is the tens digit of b?
1
Let l(w) = w**3 - 11*w**2 - 11*w - 7. Let d be l(12). Suppose 4*b + 36 = 5*r, -d*r - 5 = -3*b - 37. What is the units digit of r?
4
Let p(j) = -3*j + 0*j**3 - 3*j**3 + 2*j**3 - 3*j**2 - 4. Let h be p(-3). Suppose 0 = m - h*a - 0 - 23, -3*m + a + 27 = 0. What is the units digit of m?
8
What is the units digit of (-38)/(-4)*(-15 + 17)?
9
Let n = -8 + 7. What is the tens digit of 20 + -6*n/(-2)?
1
Suppose -4 = 9*l - 8*l. Let p = -10 - -19. Let a = p + l. What is the units digit of a?
5
Let g be (-4)/10 - (-14)/10. Suppose -3*u = 2*u - y + 27, g = u + 3*y. Let b(q) = -2*q - 6. What is the units digit of b(u)?
4
Let a be 1/1 - (-25 + 4). Let l = 7 - 5. What is the units digit of l/(-11) + 114/a?
5
Let g be (-6)/(-1) - (4 - 6). Suppose -g*t = -4*t - 4. What is the units digit of 33*t/(-6)*-2?
1
Let k(o) = 10*o**3 - 19*o**2 - 25*o - 21. Let b(i) = 7*i**3 - 13*i**2 - 17*i - 14. Let n(u) = -7*b(u) + 5*k(u). What is the tens digit of n(6)?
2
Let a be (-9)/(4 + -1)*-14. Suppose -k + 4*k = a. What is the tens digit of k?
1
Suppose -6*g + 4*g + 98 = 0. What is the tens digit of g?
4
Suppose 2*j + 53 = -b + 305, 0 = b - 2. Suppose -2*y - j = -2*d - 39, 5*y = -2*d + 79. What is the units digit of d?
2
Suppose -43 = -3*p - 13. What is the tens digit of p?
1
Suppose -66 = -3*b - 0. What is the tens digit of b?
2
Suppose 3*z = -3*v, v = -v - z. Let d be (37*1)/(1 + v). Suppose 3*l = -m + 19, 4*l - d = 2*m - 5. What is the units digit of l?
7
Suppose 4*w + 7 = 39. Suppose -7 = -3*a + w. Let m = 6 + a. What is the tens digit of m?
1
Suppose 2*w - w + 545 = 2*r, -4*w - 1361 = -5*r. What is the units digit of r?
3
Let i = 16 - 12. Suppose -6*r + 123 = 5*n - i*r, 0 = 3*n - 5*r - 49. What is the units digit of n?
3
Suppose 4*q = -2*j + 44, -2*q - 52 = -2*j - 4*q. What is the units digit of j?
0
Suppose -6 = z - 3*z. Suppose z*c + 0 = 5*i - 4, -c + 8 = 3*i. What is the units digit of c + (-2 - (-7 + -1))?
8
Let p(g) = -g**2 + 5*g + 8. Suppose -k - 6 = -5*y, 2*k = -0*k - 2. Let r be ((-2)/4)/(y/(-12)). What is the units digit of p(r)?
2
Let n = 57 + 44. What is the hundreds digit of n?
1
What is the tens digit of (11/(-22))/((-2)/196)?
4
Let a = 6 + -3. Suppose -a*v = 6 - 45. What is the tens digit of v?
1
Let n(v) = -3*v**2 + v - 1. Let j be n(1). Let h = 3 + j. Suppose -u = 2*d - d - 15, 3*u - d - 25 = h. What is the tens digit of u?
1
Let d(x) = 2*x**3 - 3*x**2 - 2. What is the units digit of d(4)?
8
Suppose -1 + 16 = 3*i. Suppose -4*f - 19 + 75 = 2*o, 0 = -4*o + i*f + 60. What is the tens digit of o?
2
Suppose 5*q - q - 87 = 3*i, -102 = -4*q - 2*i. Let o be (18/8)/(9/q). Suppose 0 = -w + o - 3. What is the units digit of w?
3
Suppose -7 = -3*s + 23. What is the units digit of s?
0
Let x(h) = 15*h + 1. What is the units digit of x(1)?
6
Suppose -3*j + 5*g - 6 = 0, -2*j - 14 = -5*g - 5. What is the units digit of j?
3
Let y = 6 - 1. Let t = 2 - y. Let w = t - -5. What is the units digit of w?
2
Let y(t) = -t**3 + 2*t - 4. Let g be y(-3). Suppose -2*p + 4 = -2*n, -2*n - 4 = p + 3*p. Suppose p = 3*u - g - 16. What is the tens digit of u?
1
Suppose 3*y - 4*y + 5 = 0. Suppose 3*w = -i - 0*i + 46, -6 = -w - y*i. Suppose -2*u + 6 + w = 0. What is the units digit of u?
1
Let d(h) = -7*h**3 + 2*h**2 + 2. Let i be d(-2). Suppose 0 = -4*a + 62 + i. What is the tens digit of a?
3
Suppose 26 = m - 5*t, 2*t - 4*t - 13 = -3*m. What is the units digit of m?
1
Suppose 2*x + 3*x + a = -19, -3*a - 3 = -3*x. Let s be 3 + -11 + x/(-1). Let r(m) = -m**3 - 4*m**2 + 3*m - 1. What is the units digit of r(s)?
9
Let s = -20 + -34. Let i = -36 - s. What is the units digit of i?
8
Let p(l) = l**2 - 5. Let v be p(4). Suppose 0 = 4*q - 0*q + 4, -5*q = -u + v. What is the units digit of u?
6
Let h(u) = u**3 + 6*u**2 - 6*u + 10. Let p be h(-7). Let r = 18 - p. What is the units digit of r?
5
What is the units digit of 664/14 - 24/(-42)?
8
What is the units digit of -1*3 - (-19 - -12)?
4
Let c = -27 - -69. What is the tens digit of c?
4
Suppose -n + 39 = 5*j, 4*n = -2*j - 0*n + 30. Let c be (1 - 0 - 3)*-1. Let f = j + c. What is the units digit of f?
9
Let a(s) be the second derivative of s**4/24 + s**3/3 + 3*s**2/2 - s. Let q(d) be the first derivative of a(d). What is the units digit of q(7)?
9
Let y be (-2 - -1) + 2 + 0. Let o be (-2 - 0) + -1 + y. What is the units digit of 5 - (-2 + (o - -2))?
7
Let n = 31 - 11. What is the tens digit of n?
2
Let m = -10 - -12. Suppose w + 67 = 4*o, 4*o - 47 = m*o + 5*w. What is the units digit of o?
6
Let s(v) = v**3 - 8*v**2 - v + 6. Let f be s(8). What is the tens digit of f*-3*4 + -1?
2
Let d(i) = -4*i**2 - 4*i - i**3 + 2 + 3*i**2 - 7 - 3*i**2. What is the units digit of d(-4)?
1
Let k(l) = 4*l - 2. Let x be k(3). Suppose 2*z = -5*h + 71, -3*h - 4*z = -h - 22. Let v = h - x. What is the units digit of v?
5
Let t be 3/3 + 3 + -2. Suppose -1 = h - t. What is the units digit of h?
1
Let m(k) = 61*k**2 + 2*k - 2. What is the tens digit of m(1)?
6
Let z(d) = -d**3 + 7*d**2 - 5*d - 4. Let w(x) = -3*x + 0 + 2 + 5*x. Let f be w(2). What is the units digit of z(f)?
2
Let a(l) = -l**2 + 10*l - 2. What is the units digit of a(7)?
9
Suppose -2*p + k + 17 + 134 = 0, p - 83 = -k. What is the tens digit of p?
7
Let k(w) = 3*w**2 - w - 8. What is the units digit of k(-4)?
4
What is the tens digit of ((-4)/5)/(1 - (-93)/(-90))?
2
Let g be (-16)/(-20) + 2/10. Let k be (3/2)/(g/8). Suppose -q + 20 = 2*q + 5*r, 0 = 2*q + 4*r - k. What is the tens digit of q?
1
Let o be (-14)/((-5)/((-20)/(-8))). Suppose 3*j - 2*f = o*j - 184, -f + 2 = 0. What is the tens digit of j?
4
Suppose l - 19 = -2*n, -2*l - 2*l + 46 = -2*n. What is the units digit of l?
3
Let z = 12 - 17. Let u = -1 - z. What is the units digit of u?
4
Let k(i) be the second derivative of -5*i**3/6 - i**2/2 - 15*i. Let x = -6 + 4. What is the units digit of k(x)?
9
Let f(b) = -91*b**3 - b. What is the tens digit of f(-1)?
9
Let q be (-1)/(-4) - 18/8. Let m be q/(((-24)/21)/(-4)). Let o(p) = -2*p - 2. What is the tens digit of o(m)?
1
Let w(o) = 4*o**2 + 2. Let f be w(3). Suppose f = n - 19. What is the units digit of n?
7
Let j = -3 - -6. Suppose -2*s - 3*i = -19, -8 - 26 = -5*s - j*i. What is the units digit of s?
5
Let n = -11 - -13. Suppose -t + 2*u - 5 = -2*t, 0 = 3*t - n*u - 39. What is the units digit of t?
1
Let p be 1/2 + 45/6. Suppose -c - 2*v = -11, -2*c - p = -6*c + 4*v. Let q = 11 - c. What is the units digit of q?
6
Suppose -7*v + 2*v + 15 = 0. What is the units digit of (v/(-6))/(2/(-32))?
8
Let q(d) = 9*d + 40. What is the units digit of q(18)?
2
Let h(s) = -3*s**3 + s**2 + s + 1. Let p be h(-1). Suppose 48 = p*g - 2*g. What is the units digit of g?
4
Suppose -4*c - 1 = -13. Suppose 4 = -o - 0*o, 0 = -x + c*o + 21. Let z(j) = j**2 - 7*j - 6. What is the tens digit of z(x)?
1
Suppose 4*t + 49 = 225. What is the tens digit of t?
4
Let p(w) = w**3 - 8*w**2 - 9*w. Let v be p(9). Suppose v = 2*g - 16. What is t